.
-6
Let p(w) = 1207*w - 357327. Calculate p(296).
-55
Let r(c) = 34*c**2 + 105*c + 414. What is r(-4)?
538
Let t(v) = -38119*v - 3773782. Determine t(-99).
-1
Let x(v) = -17353*v - 312379. What is x(-18)?
-25
Let u(l) = -62919*l + 125850. What is u(2)?
12
Let d(t) = -2*t**2 - 496*t - 10106. What is d(-21)?
-572
Let c(t) = 9*t**3 - 1037*t**2 - 26*t + 29428. What is c(115)?
-12
Let p(q) = -10*q**2 + 2966*q - 7646. Calculate p(294).
-2
Let n(q) = -q**2 + 57*q - 97. Give n(42).
533
Let u(k) = 22123*k - 641553. Determine u(29).
14
Let h(u) = -3323*u - 6709. Give h(-2).
-63
Let t(a) = 12955*a + 64762. Calculate t(-5).
-13
Let y(f) = -f**3 + 16*f**2 - 1531*f + 27916. Determine y(18).
-290
Let m(y) = -8*y + 680. Calculate m(82).
24
Let x(y) = -4*y**3 - 338*y**2 - 213*y + 130. Determine x(-84).
3910
Let v(y) = -y**2 + 12643*y - 252473. Determine v(20).
-13
Let r(u) = 184*u + 3279. Determine r(-11).
1255
Let z(c) = 2*c**3 + 324*c**2 + 814*c - 22265. Give z(-159).
-5
Let k(o) = -o**3 - 1190*o**2 - 12975*o - 67. Calculate k(-11).
-1
Let y(c) = c**2 + 3337*c - 407636. Give y(118).
54
Let u(l) = 5*l**3 + 86*l**2 + 279*l - 785. What is u(-9)?
25
Let b(h) = -1382*h + 16396. What is b(12)?
-188
Let y(b) = 10*b**3 + 1464*b**2 + 594*b + 894. Determine y(-146).
-566
Let q(o) = 5*o**2 - 3319*o + 284157. Calculate q(101).
-57
Let b(l) = -330*l**3 - 3*l**2 - 104*l - 103. Determine b(-1).
328
Let u(v) = 44*v**2 + 954*v - 3256. Calculate u(3).
2
Let j(c) = -c**3 + 79*c**2 + 2390*c - 1990. Calculate j(-24).
-22
Let n(y) = 8405*y - 218530. What is n(26)?
0
Let w(x) = 5*x**3 - 562*x**2 + 216*x + 892. Give w(112).
-4
Let d(i) = 2*i**3 + 33*i**2 + 1425*i + 18966. Calculate d(-14).
-4
Let r(y) = -163*y + 27104. Give r(161).
861
Let v(l) = 1887*l**2 + 5668*l + 20. Give v(-3).
-1
Let o(l) = 242101*l + 2905236. Give o(-12).
24
Let v(y) = 13*y**2 + 554*y + 4481. Determine v(-8).
881
Let a(o) = o**3 + 31*o**2 + 218*o + 52. Calculate a(-27).
-2918
Let s(v) = 29021*v + 203157. Give s(-7).
10
Let o(m) = 15485*m + 374. What is o(0)?
374
Let q(u) = 38052*u - 228320. Give q(6).
-8
Let t(z) = 283244*z - 2549186. Calculate t(9).
10
Let f(z) = 2*z**3 + 18*z**2 + 290*z + 1828. Calculate f(-7).
-6
Let s(b) = 5517*b - 2256457. Give s(409).
-4
Let f(r) = -r**3 - 1106*r**2 + 2298*r + 90712. Determine f(-1108).
-144
Let c(z) = z**2 - 128*z - 445. Calculate c(-31).
4484
Let k(w) = 5*w**3 + 83*w**2 - 37*w + 52. Give k(-18).
-1550
Let c(x) = 2390*x + 1061263. Give c(-444).
103
Let n(y) = -y**2 + 249*y - 9362. What is n(203)?
-24
Let g(l) = 256*l**3 - 4607*l**2 - 16*l - 27. What is g(18)?
9
Let f(y) = 156*y**2 + 29489*y + 743. Calculate f(-189).
-202
Let b(j) = -194*j**3 + 6*j**2 - 14*j + 11. What is b(1)?
-191
Let l(y) = -16*y**2 - 488*y + 13. Give l(-30).
253
Let y(p) = -3*p**3 + 492*p**2 - 486*p - 497. Give y(163).
-8
Let u(a) = 35*a**3 + 110*a**2 - 8*a - 46. Determine u(-3).
23
Let q(w) = -261*w - 117715. What is q(-451)?
-4
Let b(w) = -w**3 - 142*w**2 - 276*w - 19169. Calculate b(-141).
-134
Let c(k) = k**3 + 173*k**2 + 6825*k - 832. What is c(-112)?
-48
Let c(i) = 5136451*i + 25682248. What is c(-5)?
-7
Let v(c) = -64*c - 7363. What is v(-116)?
61
Let l(a) = -13*a**3 - 91*a - 177. Give l(-2).
109
Let x(i) = 46*i**2 + 640*i + 3280. What is x(-11)?
1806
Let c(h) = 17*h**2 - 169*h - 886. Determine c(-5).
384
Let q(f) = -162*f**2 - 72*f + 6. Give q(-3).
-1236
Let s(k) = -62*k**2 - 2167*k - 33. Calculate s(-34).
1973
Let b(l) = -2*l**2 + 209*l - 3783. Determine b(16).
-951
Let n(r) = -14196*r + 99934. Give n(7).
562
Let a(f) = -2*f**3 + 43*f**2 + 189*f + 355. Determine a(25).
705
Let o(f) = 2*f**2 + 170*f - 1803. Determine o(-105).
2397
Let m(z) = -935*z + 17637. Calculate m(19).
-128
Let m(f) = f**2 - 245*f - 2429. What is m(265)?
2871
Let b(r) = -6*r**3 + 2252*r**2 - 752*r + 928. Give b(375).
178
Let s(x) = 60*x**2 + 7563*x + 240. Give s(-126).
-138
Let k(t) = -t**3 - 149*t**2 + 646*t + 5213. Give k(-153).
11
Let i(g) = -19*g**3 - 828*g**2 - 9018*g + 44. Calculate i(-22).
0
Let d(c) = -c**2 + 1579*c - 12614. Determine d(8).
-46
Let w(r) = -9929*r + 357377. Calculate w(36).
-67
Let i(t) = -3051*t - 58060. Give i(-19).
-91
Let c(b) = 1891*b**2 + 370636*b - 7. Determine c(-196).
-7
Let r(q) = -94*q - 27525. Calculate r(-293).
17
Let h(f) = 16214*f + 32425. Determine h(-2).
-3
Let t(u) = -3533*u - 42396. Determine t(-12).
0
Let n(u) = 90*u - 920. Give n(63).
4750
Let d(f) = 6067*f - 570288. What is d(94)?
10
Let z(c) = -2*c**3 - 31*c**2 + 89*c - 9. What is z(-18)?
9
Let y(x) = 3*x**2 - 67*x + 337. Give y(10).
-33
Let v(g) = -2*g**3 + 388*g**2 - 764*g - 715. Calculate v(192).
53
Let y(r) = -34*r**3 - 21*r**2 - 777*r - 757. Give y(-1).
33
Let d(n) = 132*n + 750. Give d(-5).
90
Let u(l) = 19*l**2 + 6079*l + 23673. Calculate u(-316).
-27
Let h(g) = -72639*g + 1598027. Calculate h(22).
-31
Let m(k) = -5332*k + 1231697. Calculate m(231).
5
Let b(v) = -2*v**3 + 63*v**2 - 640*v - 187. Determine b(24).
-6907
Let r(c) = 16045*c - 304820. Calculate r(19).
35
Let h(j) = -27*j**3 - 5*j**2 + 7*j + 1. Give h(2).
-221
Let b(p) = -3*p**3 + 133*p**2 - 155*p + 4863. Determine b(44).
-21
Let i(v) = 40*v**2 - 2038*v - 128. What is i(51)?
-26
Let a(k) = 54277*k + 434170. Give a(-8).
-46
Let t(c) = -c**2 - 3033*c - 33395. What is t(-11)?
-153
Let r(z) = 318*z - 440. Calculate r(-5).
-2030
Let m(b) = -3*b**3 - 23*b**2 - 2428*b - 4773. Give m(-2).
15
Let b(g) = 1081*g + 189208. Calculate b(-175).
33
Let m(v) = 23*v**3 + 131*v**2 - 43*v + 14. What is m(-6)?
20
Let d(o) = -o**3 + 19*o**2 + 11577*o - 219958. Determine d(19).
5
Let f(m) = 119753*m + 598687. What is f(-5)?
-78
Let q(s) = 101*s + 319. Give q(-2).
117
Let m(g) = 2*g**2 - 4304*g - 56279. Give m(-13).
11
Let x(s) = 2311*s - 62505. What is x(27)?
-108
Let h(f) = 3*f**2 + 6154*f + 205765. Calculate h(-34).
-3
Let t(n) = 2*n**3 + n**2 - 102*n + 11. Give t(0).
11
Let g(h) = 133769*h - 802616. Calculate g(6).
-2
Let w(j) = 15121*j - 30239. Determine w(2).
3
Let l(w) = -w**3 - 51*w**2 - 312*w + 20. Give l(-44).
196
Let g(z) = -15*z**3 + 188*z**2 + 249*z - 2039. Give g(13).
15
Let o(g) = -94*g**3 + 20*g**2 - 42*g + 22. Determine o(1).
-94
Let h(o) = -331*o**2 + 553*o - 533. What is h(1)?
-311
Let m(i) = -4265*i + 68222. Calculate m(16).
-18
Let u(m) = -m**3 + 4231*m**2 - 38015*m + 147. Determine u(9).
-6
Let l(z) = -57710*z - 231524. Give l(-4).
-684
Let b(w) = -w**3 + 12*w**2 + 7*w - 49. Determine b(10).
221
Let r(z) = z**3 + 2*z**2 - 476*z - 472. Determine r(-22).
320
Let z(v) = -v**3 - 41*v**2 + 122*v + 7838. Give z(-39).
38
Let q(b) = b**3 - 74*b**2 + 68*b + 663. Calculate q(73).
298
Let q(j) = -9*j**3 + 4*j**2 + 1208*j + 3337. Determine q(-3).
-8
Let q(w) = -410*w - 33179. Determine q(-81).
31
Let a(l) = -l**3 + 492*l**2 + 12932*l + 186. Give a(-25).
11
Let r(s) = -2*s**3 + 45*s**2 - 386*s + 1290. Give r(9).
3
Let b(f) = 10*f**3 + 4*f**2 + 75*f - 280. Determine b(3).
251
Let n(s) = -2*s**3 + 772*s**2 + 26745*s - 188. Calculate n(-32).
36
Let d(f) = -814*f + 12518. Calculate d(15).
308
Let l(x) = -458*x + 9715. Determine l(19).
1013
Let i(r) = 8*r**2 - 4*r - 329. Give i(-14).
1295
Let x(d) = 2*d - 1361. Calculate x(-13).
-1387
Let s(k) = -201*k**2 + 893*k - 1780. Determine s(2).
-798
Let v(r) = -1367*r + 102397. Give v(75).
-128
Let f(j) = j**2 + 29*j - 2398. Give f(-58).
-716
Let s(v) = -v**2 - 1195*v + 25538. What is s(21)?
2
Let p(w) = -15430*w + 1234406. What is p(80)?
6
Let a(w) = 4*w**2 + 82*w - 39385. What is a(-110)?
-5
Let j(k) = -k**2 + 69*k + 391. What is j(-8)?
-225
Let d(o) = 6864*o - 425567. What is d(62)?
1
Let k(n) = 67365*n - 2761957. Give k(41).
8
Let f(o) = -23661*o - 141944. Determine f(-6).
22
Let g(y) = y**3 + 60*y**2 - 82*y - 11280. What is g(-58)?
204
Let i(b) = -b**2 - 16906*b + 321568. Give i(19).
-7
Let m(l) = 1203*l - 10284. Determine m(9).
543
Let n(q) = 1211*q - 53419. Calculate n(44).
-135
Let p(c) = 782*c - 22703. Determine p(29).
-25
Let q(o) = 49*o - 6570. Determine q(72).
-3042
Let w(n) = -258338*n + 22475407. What is w(87)?
1
Let t(k) = -140081*k + 1120648. Give t(8).
0
Let t(x) = 2*x**2 + 70*x - 3046. What is t(38)?
2502
Let z(y) = -10*y**2 - 424*y + 8616. Give z(15).
6
Let z(a) = -2*a**3 - 19*a**2 + 35*a + 4. Calculate z(-13